{"id":639,"date":"2019-09-10T10:01:31","date_gmt":"2019-09-10T10:01:31","guid":{"rendered":"https:\/\/fenster.ee\/alumiinium\/erilahendused\/"},"modified":"2020-04-06T12:36:52","modified_gmt":"2020-04-06T12:36:52","slug":"erilahendused","status":"publish","type":"page","link":"https:\/\/fenster.ee\/alumiinium\/fi\/erilahendused\/","title":{"rendered":"Erikoisratkaisut"},"content":{"rendered":"\n<div style=\"height:50px\" aria-hidden=\"true\" class=\"wp-block-spacer\"><\/div>\n\n\n\n<p>Fenster Alumiinium valmistaa monenlaisia erikoisratkaisuja :<\/p>\n\n\n\n<p><strong>Parvekekaiteet<\/strong><br><strong>Konservatoriot<\/strong><br><strong>R\u00e4\u00e4t\u00e4l\u00f6itu ratkaisut<\/strong><\/p>\n\n\n\n<p><strong>Kaiteet<br> RB 10<\/strong><br> Alumiiniumprofiilineen kaidej\u00e4rjestelm\u00e4<br> Functional, Softline, Ellipse<br> Kaiteet soveltuvat: Parvekkeisiin, portaisiin, terrassille jne.<br> Alumiiniumprofiilin yhteydess\u00e4 voi k\u00e4ytt\u00e4\u00e4 lasia, muovia tai muuta soveltuvaa materiaalia.<\/p>\n\n\n\n<div class=\"wp-block-columns has-2-columns is-layout-flex wp-container-core-columns-is-layout-9d6595d7 wp-block-columns-is-layout-flex\">\n<div class=\"wp-block-column is-layout-flow wp-block-column-is-layout-flow\">\n<figure class=\"wp-block-image\"><img loading=\"lazy\" decoding=\"async\" width=\"600\" height=\"453\" src=\"http:\/\/fenster.ee\/alumiinium\/wp-content\/uploads\/2019\/09\/RB10Fa.gif\" alt=\"\" class=\"wp-image-574\"\/><\/figure>\n<\/div>\n\n\n\n<div class=\"wp-block-column is-layout-flow wp-block-column-is-layout-flow\">\n<figure class=\"wp-block-image\"><img loading=\"lazy\" decoding=\"async\" width=\"600\" height=\"418\" src=\"http:\/\/fenster.ee\/alumiinium\/wp-content\/uploads\/2019\/09\/RB10S.gif\" alt=\"\" class=\"wp-image-575\"\/><\/figure>\n<\/div>\n<\/div>\n\n\n\n<div style=\"height:50px\" aria-hidden=\"true\" class=\"wp-block-spacer\"><\/div>\n","protected":false},"excerpt":{"rendered":"<p>Fenster Alumiinium valmistaa monenlaisia erikoisratkaisuja : ParvekekaiteetKonservatoriotR\u00e4\u00e4t\u00e4l\u00f6itu ratkaisut Kaiteet RB 10 Alumiiniumprofiilineen kaidej\u00e4rjestelm\u00e4 Functional, Softline, Ellipse Kaiteet soveltuvat: Parvekkeisiin, portaisiin, terrassille jne. Alumiiniumprofiilin yhteydess\u00e4 voi k\u00e4ytt\u00e4\u00e4 lasia, muovia tai muuta soveltuvaa materiaalia. [&#8230;]<\/p>\n<p><a class=\"btn btn-secondary understrap-read-more-link\" href=\"https:\/\/fenster.ee\/alumiinium\/fi\/erilahendused\/\">Read More&#8230;<\/a><\/p>\n","protected":false},"author":1,"featured_media":0,"parent":0,"menu_order":0,"comment_status":"closed","ping_status":"closed","template":"template-tooted.php","meta":{"_acf_changed":false,"advgb_blocks_editor_width":"","advgb_blocks_columns_visual_guide":"","footnotes":""},"class_list":["post-639","page","type-page","status-publish","hentry"],"acf":[],"coauthors":[],"author_meta":{"author_link":"https:\/\/fenster.ee\/alumiinium\/fi\/author\/admin\/","display_name":"admin"},"relative_dates":{"created":"Posted 7 vuotta ago","modified":"Updated 6 vuotta ago"},"absolute_dates":{"created":"Posted on 10 syyskuun, 2019","modified":"Updated on 6 huhtikuun, 2020"},"absolute_dates_time":{"created":"Posted on 10 syyskuun, 2019 10:01 am","modified":"Updated on 6 huhtikuun, 2020 12:36 pm"},"featured_img_caption":"","featured_img":false,"series_order":"","_links":{"self":[{"href":"https:\/\/fenster.ee\/alumiinium\/fi\/wp-json\/wp\/v2\/pages\/639","targetHints":{"allow":["GET"]}}],"collection":[{"href":"https:\/\/fenster.ee\/alumiinium\/fi\/wp-json\/wp\/v2\/pages"}],"about":[{"href":"https:\/\/fenster.ee\/alumiinium\/fi\/wp-json\/wp\/v2\/types\/page"}],"author":[{"embeddable":true,"href":"https:\/\/fenster.ee\/alumiinium\/fi\/wp-json\/wp\/v2\/users\/1"}],"replies":[{"embeddable":true,"href":"https:\/\/fenster.ee\/alumiinium\/fi\/wp-json\/wp\/v2\/comments?post=639"}],"version-history":[{"count":2,"href":"https:\/\/fenster.ee\/alumiinium\/fi\/wp-json\/wp\/v2\/pages\/639\/revisions"}],"predecessor-version":[{"id":1434,"href":"https:\/\/fenster.ee\/alumiinium\/fi\/wp-json\/wp\/v2\/pages\/639\/revisions\/1434"}],"wp:attachment":[{"href":"https:\/\/fenster.ee\/alumiinium\/fi\/wp-json\/wp\/v2\/media?parent=639"}],"curies":[{"name":"wp","href":"https:\/\/api.w.org\/{rel}","templated":true}]}}

<div style="height:50px" aria-hidden="true" class="wp-block-spacer"></div>



<p>Fenster Alumiinium valmistaa monenlaisia erikoisratkaisuja :</p>



<p><strong>Parvekekaiteet</strong><br><strong>Konservatoriot</strong><br><strong>Räätälöitu ratkaisut</strong></p>



<p><strong>Kaiteet<br> RB 10</strong><br> Alumiiniumprofiilineen kaidejärjestelmä<br> Functional, Softline, Ellipse<br> Kaiteet soveltuvat: Parvekkeisiin, portaisiin, terrassille jne.<br> Alumiiniumprofiilin yhteydessä voi käyttää lasia, muovia tai muuta soveltuvaa materiaalia.</p>



<div class="wp-block-columns has-2-columns is-layout-flex wp-container-core-columns-is-layout-9d6595d7 wp-block-columns-is-layout-flex">
<div class="wp-block-column is-layout-flow wp-block-column-is-layout-flow">
<figure class="wp-block-image"><img loading="lazy" decoding="async" width="600" height="453" src="http://fenster.ee/alumiinium/wp-content/uploads/2019/09/RB10Fa.gif" alt="" class="wp-image-574"/></figure>
</div>



<div class="wp-block-column is-layout-flow wp-block-column-is-layout-flow">
<figure class="wp-block-image"><img loading="lazy" decoding="async" width="600" height="418" src="http://fenster.ee/alumiinium/wp-content/uploads/2019/09/RB10S.gif" alt="" class="wp-image-575"/></figure>
</div>
</div>



<div style="height:50px" aria-hidden="true" class="wp-block-spacer"></div>

<p>Fenster Alumiinium valmistaa monenlaisia erikoisratkaisuja : ParvekekaiteetKonservatoriotRäätälöitu ratkaisut Kaiteet RB 10 Alumiiniumprofiilineen kaidejärjestelmä Functional, Softline, Ellipse Kaiteet soveltuvat: Parvekkeisiin, portaisiin, terrassille jne. Alumiiniumprofiilin yhteydessä voi käyttää lasia, muovia tai muuta soveltuvaa materiaalia. [&#8230;]</p>
<p><a class="btn btn-secondary understrap-read-more-link" href="https://fenster.ee/alumiinium/fi/erilahendused/">Read More&#8230;</a></p>
